{"id":70,"date":"2022-02-24T10:48:15","date_gmt":"2022-02-24T10:48:15","guid":{"rendered":"https:\/\/aal-affiliate-disclosure-page"},"modified":"2022-03-01T06:17:04","modified_gmt":"2022-03-01T06:17:04","slug":"affiliate-disclosure","status":"publish","type":"page","link":"http:\/\/klemmbausteindorf.com\/?page_id=70","title":{"rendered":"Affiliate Disclosure"},"content":{"rendered":"<p>klemmbausteindorf.com is a participant in the Amazon Services LLC Associates Program, an affiliate advertising program designed to provide a means for sites to earn commission fees by advertising and linking to the following web sites. <\/p>\n<ul class='associates-list'><\/ul>\n<p>Product prices and availability are accurate as of the date\/time indicated and are subject to change. Any price and availability information displayed on [relevant Amazon Site(s), as applicable] at the time of purchase will apply to the purchase of this product.<\/p>\n\n\n\n\n<pre id=\"tw-target-text\" class=\"wp-block-preformatted\">klemmbausteindorf.com ist Teilnehmer am Partnerprogramm von Amazon Services LLC, einem Affiliate-Werbeprogramm, mit dem Websites Provisionsgeb\u00fchren verdienen k\u00f6nnen, indem sie Werbung schalten und auf die folgenden Websites verlinken.\n\nDie Produktpreise und die Verf\u00fcgbarkeit sind zum angegebenen Datum\/zur angegebenen Uhrzeit korrekt und k\u00f6nnen sich \u00e4ndern. Alle Preis- und Verf\u00fcgbarkeitsinformationen, die zum Zeitpunkt des Kaufs auf [relevanten Amazon-Websites] angezeigt werden, gelten f\u00fcr den Kauf dieses Produkts.<\/pre>\n","protected":false},"excerpt":{"rendered":"<p>klemmbausteindorf.com ist Teilnehmer am Partnerprogramm von Amazon Services LLC, einem Affiliate-Werbeprogramm, mit dem Websites Provisionsgeb\u00fchren verdienen k\u00f6nnen, indem sie Werbung&#8230; <span class=\"gridview-grid-post-read-more\"><a href=\"http:\/\/klemmbausteindorf.com\/?page_id=70\">read more<span class=\"gridview-sr-only\"> Affiliate Disclosure<\/span><\/a><\/span><\/p>\n","protected":false},"author":1,"featured_media":0,"parent":0,"menu_order":99,"comment_status":"closed","ping_status":"closed","template":"","meta":[],"_links":{"self":[{"href":"http:\/\/klemmbausteindorf.com\/index.php?rest_route=\/wp\/v2\/pages\/70"}],"collection":[{"href":"http:\/\/klemmbausteindorf.com\/index.php?rest_route=\/wp\/v2\/pages"}],"about":[{"href":"http:\/\/klemmbausteindorf.com\/index.php?rest_route=\/wp\/v2\/types\/page"}],"author":[{"embeddable":true,"href":"http:\/\/klemmbausteindorf.com\/index.php?rest_route=\/wp\/v2\/users\/1"}],"replies":[{"embeddable":true,"href":"http:\/\/klemmbausteindorf.com\/index.php?rest_route=%2Fwp%2Fv2%2Fcomments&post=70"}],"version-history":[{"count":1,"href":"http:\/\/klemmbausteindorf.com\/index.php?rest_route=\/wp\/v2\/pages\/70\/revisions"}],"predecessor-version":[{"id":76,"href":"http:\/\/klemmbausteindorf.com\/index.php?rest_route=\/wp\/v2\/pages\/70\/revisions\/76"}],"wp:attachment":[{"href":"http:\/\/klemmbausteindorf.com\/index.php?rest_route=%2Fwp%2Fv2%2Fmedia&parent=70"}],"curies":[{"name":"wp","href":"https:\/\/api.w.org\/{rel}","templated":true}]}}